532 - 515)?
-4
What is (-21 - (-41 + 0)) + -62?
-42
0 - 3 - (30 - 31 - -14 - (-5 + 12))
-9
What is the value of -46 + (-48 - -112) + (0 - 18) + -3 + 66?
63
What is -23 - ((-30 - (8 + -16)) + -3)?
2
Calculate 8 - (-34 - (3 - (5 - -16))).
24
Evaluate (0 - (-97 - -42 - 14)) + 19.
88
What is the value of 10 + -19 - (0 - 9 - (-6 - -1))?
-5
Evaluate 133 + -27 - (-11 - -58).
59
Calculate 1052 - 1202 - ((-40 - -7) + -9).
-108
Calculate -33 - (626 - 617 - (1 - 10)).
-51
Calculate 0 + -32 - (-21 + 28 + -8 + -1).
-30
Evaluate (30 - 0) + (-498 - -451).
-17
What is (-15 - -9) + -2 + -11 + 13?
-6
Evaluate 0 + -45 - (-1004 + 934) - -51.
76
What is 49 - -24 - (16 - -30)?
27
What is -39 + 91 + -4 + -1 + 4 + -4?
47
-6 - (10 + -3 + -38) - 21
4
What is (2 + -4 - -8) + 33 + (-43 - -32)?
28
Evaluate -40 + (65 - (-29 + 64)).
-10
What is -5 - (-4 - -3) - (-21 - (16 - (7 - -39)))?
-13
Calculate (-113 - (9 + -139)) + (0 - (-4 - 22)).
43
-1 + -21 + (62 - 28 - -13 - 55)
-30
Calculate -97 - -3 - (-10 + 22 + -23 - (-31 + 6)).
-108
Evaluate (31 + -82 - -53) + 19.
21
Evaluate -21 - (102 + -23 + -48).
-52
Evaluate -130 + 132 + 5 + -59.
-52
Calculate (-11 - 2) + (-17 + -74 - -98).
-6
Evaluate (-8 - (7 + 2)) + 6 - (33 + (10 - 8)).
-46
Calculate -8 + (19 - 2) - (43 - 5 - 7) - 0.
-22
What is 9 + 7 + -5 + (173 - 171) + (-1 - -11)?
23
What is (40 - (-52 + 78)) + (-1 + 1 + -2 - -1)?
13
Calculate (-9 - 10) + 41 + (35 - 4).
53
Evaluate 85 + (-37 - 0) + -157 + 184.
75
What is (-5 + 9 - -8) + -5 + 0 + -217 + 215?
5
What is (0 - (3 + -1 + 7 - 16)) + -15?
-8
What is the value of (-7 - -2) + (6 - -6) - (-6 + -12)?
25
Evaluate -78 - (-5 - ((-19 - -36) + 3)).
-53
Evaluate 6 + -22 + 3 + -10 + -20 + 11.
-32
Evaluate -279 + 214 - (-54 + 1).
-12
What is 17 - -3 - (152 - 141)?
9
Evaluate 40 + -23 - 8 - -7.
16
(3918 - 3954) + 1 + 5
-30
Evaluate ((36 - 34) + 25 + -5 - (-7 - -18)) + 96.
107
What is (303 - 269) + (-16 - 0) + -13?
5
Calculate -5225 + 5223 + -2 + -1 + -46 + -8.
-59
What is the value of (-2 + -1 - (-1 - 0)) + 82 + -55 + -78?
-53
What is the value of 70 + 0 - ((12 - 6) + (11 - 17 - -7))?
63
Evaluate -51 + (-5 - (-19 - (45 - 25 - 34))).
-51
What is the value of (38 - (12 - -19) - (3 - -111)) + 8?
-99
What is the value of (3 - 2) + -11 + (-1 + -2 - 9) + 13?
-9
(12 - 77) + -14 - (1 - 7 - (-75 - -76))
-72
What is the value of 4 + (-1 - -1) - ((-35 + 8 - 14) + -23)?
68
What is 39 + 97 + -123 - (4 + -6 + -60)?
75
What is the value of (17 - (126 - 41)) + 1 - -33?
-34
1731 - 1583 - (125 - 3)
26
Calculate 31 + (-24 - 19) + 15 + -29.
-26
Evaluate 25 + -75 - 2 - (-3 + 5 + 2 + -3).
-53
Calculate -74 + 29 + 11 - (6 - 19).
-21
Calculate -99 + 47 + -66 - -23.
-95
Evaluate 22 + -15 + -80 + 101 + 2 + 0 + -16.
14
Calculate (-1276 - -1285) + (-2 + -1 + -39 + 1 - -3).
-29
Calculate -7 - 2 - (28 - 22) - -51.
36
(15 - -40) + 26 + -55
26
Evaluate 1209 + -1246 + 86 + 4.
53
What is (-9 + 4 - (-35 + 17 - -4)) + (38 - 2)?
45
What is the value of (-3 - -2 - (22 - 32)) + -21 + 11?
-1
Evaluate (-18 + -1 - (-11 - -16)) + -6.
-30
Evaluate 10 - (3 - 14 - ((-20 - -21) + -22)).
0
What is the value of 52 - ((0 - 11) + (-1341 - -1353))?
51
What is (-966 - -1022) + -141 + -7?
-92
Calculate 23 + -5 - -18 - 15 - (-1 + 2).
20
What is the value of (1 - 0) + 0 + 1 + (34991 - 34999) - -84?
78
What is 93 + (-225 + 105 - -59)?
32
Evaluate -4 + (-32 - (-20 - (26 - 22))) + 12 + -1.
-1
(6 - 4) + -36 + (14 - (6 + -10))
-16
Calculate (12 - (2 + 8 + -2 + -6) - 58) + 10.
-38
What is (68 - 327 - -214) + (119 - -1)?
75
Calculate (-92 - (21 - 50)) + 51.
-12
16 - (-13 + -22 + 38 - -50)
-37
Calculate (15 - (19 + 68)) + 102.
30
Evaluate -96 + 312 + -188 + (33 - -1).
62
What is 295 + -210 + (-155 - -3)?
-67
What is the value of (-743 - -805) + (-31 - -2)?
33
What is the value of 4 + -27 + 156 + -145?
-12
Calculate (-24 - -10) + 18 - (26 - 5).
-17
What is 4 + -2 + -56 + -699 + 719?
-34
(-36 - (1 - 41)) + -23
-19
What is (140 - 163 - (-6 + 2)) + 0 + -7?
-26
What is the value of (-53 - -87 - 23) + 5 + (23 - -1)?
40
What is 4 + -113 + (1092 - 994)?
-11
What is 288 - 260 - (-4 - -46)?
-14
Calculate 5 - (43 + -62) - (0 - 27).
51
62 - (-32 - -13 - -78) - (0 + 2 + -57)
58
What is the value of -25 - (34 + (7 - 42)) - -73?
49
Calculate -11 + (-1 + -1 - -69) + 194 + -194.
56
What is the value of 60 - (-52 - (-28 - 1) - (0 - 6))?
77
Calculate (-147 - -167 - -20) + (-1 - 130).
-91
Evaluate -76 + 18 + 61 + -3.
0
Evaluate 49 + 25 + -59 - -51.
66
Evaluate 5 + -31 + (-40 - -95).
29
Calculate (-25 - -3) + 38 + -46.
-30
What is the value of (-7 - 37 - -18) + -28?
-54
Calculate 7 - -4 - ((-131 - -32) + 2).
108
What is 10 + 9 + -2 + (-27 - -33) + (3 - 11)?
15
Calculate -32 + (-22 - (0 - -12)) + -24.
-90
-104 - (-33 + (61 - 67))
-65
What is 2 + -54 - (-13 + (34 - 11) - 15)?
-47
Calculate (-78 - (-3 - (-19 + 10 + -6))) + 11.
-79
637 + -581 - (8 - (-8 + 48))
88
What is the value of (2 - -31) + (-23 - -27)?
37
Evaluate 14 - ((-13 + 11 - 8) + 21 + -13 - -149).
-133
What is (4 + -31 - -7) + (-350 - -335)?
-35
What is 124 + (144 - 136) + -114?
18
5 + 70 + 51 + (-4 - 74)
48
What is (-2 - 6) + (-20 - -49) + -12?
9
Calculate -42 + (-17 - -72) - -22.
35
-2 + 3 + 0 + 1 + (-464 - -212) + 247
-3
Evaluate -1 - -14 - (353 - 424) - 9 - 16.
59
What is 28 - (-6 + 0 + -8 + -39 + 59)?
22
What is the value of 0 + 2 - (9088 + -9118)?
32
What is the value of 24 + -42 + 25 + -1 + -102?
-96
What is the value of (-16 - -67 - 31) + 16 - -23?
59
What is the value of 10 - ((3 - -4) + 127 + -84)?
-40
Evaluate 27 + -1 + 3 + (26 - -7 - (108 + -65)).
19
-51 - -108 - (-43 + (7 - -3))
90
(-7 - -105) + (34 - (34 - -30))
68
Evaluate -6 + (-6 - (4 + -1)) - (0 + -8 + 3).
-10
Calculate 9 - 11 - (-87 + 34 + 55).
-4
Calculate (-1 - -9) + (-52 - (1 - 6) - (-44 - -42)).
-37
Calculate (65 - 72) + 7 + 1 + 5 + -20.
-14
-2 + 1 + 4 + 1 + -29005 + 28912
-89
What is the value of -1 + (-12 - -7 - 0) + 50 - (23 + -14)?
35
What is the value of 2 + -4 + (5 - -54) + -18 + (2 - -12)?
53
Evaluate (2 - -10 - (-21 - -72)) + 33.
-6
Calculate -114 + (-35 - -101) - -154.
106
Evaluate -12 + -12 + 16 + 3 + 0 + 46.
41
-2 + -18 + ((40 - -19) + 15 - 55)
-1
30 - (4 - (-1 - ((5 - -4) + -16 - -8)))
24
Evaluate 7504 - 7436 - (184 - -2).
-118
What is the value of (8 - ((-1 - 10) + 10) - 21 - -10) + -3?
-5
What is the value of 7 - (-1 - 0 - (-4 - -6 - (-4 - -12)))?
2
-85 + 147 + 21 + -16
67
Evaluate -514 - -417 - (0 + -1 + 1 + (-1 - -14)).
-110
Calculate (148 - 22) + -1 + 25 + -26 + 2.
126
Evaluate 8 - ((20 - 7) + (2 - 11)).
4
Evaluate (-12 - (-13 + -4)) + 1 - (49 - 5).
-38
Calculate -99 + 155 + -27 + -45.
-16
What is the value of -46 - 6 - (-105 + 93)?
-40
What is 32 + -56 + -37 + 31?
-30
(75 - 11) + 27 + -58
33
(13 - -3) + (215 - (24 + 155))
52
Evaluate 24836 + -24822 + (-15 - ((0 - 1) + 0)).
0
4 + 3 + (7 - 28) + 1 + -31
-44
What is the value of -13 + -29 - (-8 + -1 + (6 - (3 - 7)))?
-43
(-8 - 3) + (1 + (-11 - -18) - (4 + -3))
-4
What is the value of 5 + (-1 - (-1 + 0)) - (286 - (-55 - -358))?
22
Evaluate (0 - (-1 + -2 + (7 - 3))) + 42 + -4.
37
(-3 - 10) + (-15 - -24) + 33 + -27
2
24 + 17 - (45 - -15)
-19
What is (31 + -140 - -28) + -11 + 30?
-62
What is 5 + ((-4 - 53) + -6 + 8 - (-11 + 1))?
-40
(-12 - (-23 + 21)) + 11 + 11 + 1 + 87
100
(-96 - -81) + (74 - -1)
60
(-27 - (-7 + (5 - -2))) + -37
-64
What is -10 + -5 - (508 + -523)?
0
What is 6111 - 6119 - (1 + 19 - -3 - 3)?
-28
Evaluate 1 + -1 + -7 - (-188 - (-543 + 354)).
-8
What is the value of 4 + (-4 - (-3 - 4)) - (395 + -415)?
27
What is 65 + -1 + 2 + (9 - ((-94 - -5) + 98))?
66
Evaluate 33 + (43 - 75) - (2 + -10 - -3).
6
What is -11 + 22 - (11 + -3 + 13 + -7)?
-3
Evaluate (-4 - -4) + (-5 - (-47 - 16) - 13).
45
Evaluate -10 + -28 + 11 + (-95 - -106).
-16
Evaluate -7 + 4 + (42 - 45 - 11).
-17
Evaluate 96 + -16 + -38 + 53.
95
Calculate -118 - ((-5 - -51) + -41 + -7).
-116
Calculate -11 + (-3 - -7) - (-93 - -76 - (-33 + 1)).
-22
(-7 - -24) + (2276 - 2290)
3
(-37 - 28) + 25 + 16 + 6
-18
Calculate 107 + -27 + (62 - -9) + -27.
124
-62 + (-1 - -22) + (2 - (5 + 3))
-47
16 + (-105 + -1 - ((45 - 0) + -24))
-111
What is the value of 9 - (7 + 9 - 6) - 132?
-133
(-1 - -1) + (4700 - 4607)
93
Calculate 150 + (-12 - -38 - 68).
108
Evaluate -5 - (4 + -4) - ((-23 - -28) + -7).
-3
(-2 - 11) + -59 + 1